{"id":20,"date":"2020-02-29T10:47:39","date_gmt":"2020-02-29T10:47:39","guid":{"rendered":"http:\/\/bv-hohenschaeftlarn.bayern\/?page_id=20"},"modified":"2025-03-02T13:22:24","modified_gmt":"2025-03-02T13:22:24","slug":"vorstandschaft","status":"publish","type":"page","link":"https:\/\/bv-hohenschaeftlarn.bayern\/?page_id=20","title":{"rendered":"Vorstandschaft"},"content":{"rendered":"\t\t<div data-elementor-type=\"wp-page\" data-elementor-id=\"20\" class=\"elementor elementor-20\">\n\t\t\t\t\t\t<section class=\"elementor-section elementor-top-section elementor-element elementor-element-e00d9ef elementor-section-boxed elementor-section-height-default elementor-section-height-default\" data-id=\"e00d9ef\" data-element_type=\"section\" data-e-type=\"section\">\n\t\t\t\t\t\t<div class=\"elementor-container elementor-column-gap-default\">\n\t\t\t\t\t<div class=\"elementor-column elementor-col-100 elementor-top-column elementor-element elementor-element-b38b985\" data-id=\"b38b985\" data-element_type=\"column\" data-e-type=\"column\">\n\t\t\t<div class=\"elementor-widget-wrap elementor-element-populated\">\n\t\t\t\t\t\t<div class=\"elementor-element elementor-element-2ba7c74 elementor-widget elementor-widget-text-editor\" data-id=\"2ba7c74\" data-element_type=\"widget\" data-e-type=\"widget\" data-widget_type=\"text-editor.default\">\n\t\t\t\t<div class=\"elementor-widget-container\">\n\t\t\t\t\t\t\t\t\t<h1><strong>1. Vorstand<\/strong><\/h1>\t\t\t\t\t\t\t\t<\/div>\n\t\t\t\t<\/div>\n\t\t\t\t<div class=\"elementor-element elementor-element-6a54bec animated-slow elementor-widget elementor-widget-image\" data-id=\"6a54bec\" data-element_type=\"widget\" data-e-type=\"widget\" data-settings=\"{&quot;_animation&quot;:&quot;none&quot;}\" data-widget_type=\"image.default\">\n\t\t\t\t<div class=\"elementor-widget-container\">\n\t\t\t\t\t\t\t\t\t\t\t\t<figure class=\"wp-caption\">\n\t\t\t\t\t\t\t\t\t\t<img fetchpriority=\"high\" decoding=\"async\" width=\"683\" height=\"1024\" src=\"https:\/\/bv-hohenschaeftlarn.bayern\/wp-content\/uploads\/2023\/03\/A7400369-683x1024.jpg\" class=\"attachment-large size-large wp-image-292\" alt=\"\" srcset=\"https:\/\/bv-hohenschaeftlarn.bayern\/wp-content\/uploads\/2023\/03\/A7400369-683x1024.jpg 683w, https:\/\/bv-hohenschaeftlarn.bayern\/wp-content\/uploads\/2023\/03\/A7400369-200x300.jpg 200w, https:\/\/bv-hohenschaeftlarn.bayern\/wp-content\/uploads\/2023\/03\/A7400369-768x1152.jpg 768w, https:\/\/bv-hohenschaeftlarn.bayern\/wp-content\/uploads\/2023\/03\/A7400369-1024x1536.jpg 1024w, https:\/\/bv-hohenschaeftlarn.bayern\/wp-content\/uploads\/2023\/03\/A7400369-1365x2048.jpg 1365w, https:\/\/bv-hohenschaeftlarn.bayern\/wp-content\/uploads\/2023\/03\/A7400369-scaled.jpg 1707w\" sizes=\"(max-width: 683px) 100vw, 683px\" \/>\t\t\t\t\t\t\t\t\t\t\t<figcaption class=\"widget-image-caption wp-caption-text\">Jakob Metz  <\/figcaption>\n\t\t\t\t\t\t\t\t\t\t<\/figure>\n\t\t\t\t\t\t\t\t\t<\/div>\n\t\t\t\t<\/div>\n\t\t\t\t<div class=\"elementor-element elementor-element-b6d2e22 elementor-widget elementor-widget-text-editor\" data-id=\"b6d2e22\" data-element_type=\"widget\" data-e-type=\"widget\" data-widget_type=\"text-editor.default\">\n\t\t\t\t<div class=\"elementor-widget-container\">\n\t\t\t\t\t\t\t\t\t<h1><strong>2. Vorstand<\/strong><\/h1>\t\t\t\t\t\t\t\t<\/div>\n\t\t\t\t<\/div>\n\t\t\t\t<div class=\"elementor-element elementor-element-9bad52c elementor-widget elementor-widget-text-editor\" data-id=\"9bad52c\" data-element_type=\"widget\" data-e-type=\"widget\" data-widget_type=\"text-editor.default\">\n\t\t\t\t<div class=\"elementor-widget-container\">\n\t\t\t\t\t\t\t\t\t<p>Andreas Reifenberger<\/p>\t\t\t\t\t\t\t\t<\/div>\n\t\t\t\t<\/div>\n\t\t\t\t<div class=\"elementor-element elementor-element-87829e9 elementor-widget elementor-widget-text-editor\" data-id=\"87829e9\" data-element_type=\"widget\" data-e-type=\"widget\" data-widget_type=\"text-editor.default\">\n\t\t\t\t<div class=\"elementor-widget-container\">\n\t\t\t\t\t\t\t\t\t<h1><strong>Kassier<\/strong><\/h1>\t\t\t\t\t\t\t\t<\/div>\n\t\t\t\t<\/div>\n\t\t\t\t<div class=\"elementor-element elementor-element-60e7371 elementor-widget elementor-widget-image\" data-id=\"60e7371\" data-element_type=\"widget\" data-e-type=\"widget\" data-widget_type=\"image.default\">\n\t\t\t\t<div class=\"elementor-widget-container\">\n\t\t\t\t\t\t\t\t\t\t\t\t<figure class=\"wp-caption\">\n\t\t\t\t\t\t\t\t\t\t<img decoding=\"async\" width=\"683\" height=\"1024\" src=\"https:\/\/bv-hohenschaeftlarn.bayern\/wp-content\/uploads\/2023\/03\/A7400381-683x1024.jpg\" class=\"attachment-large size-large wp-image-294\" alt=\"\" srcset=\"https:\/\/bv-hohenschaeftlarn.bayern\/wp-content\/uploads\/2023\/03\/A7400381-683x1024.jpg 683w, https:\/\/bv-hohenschaeftlarn.bayern\/wp-content\/uploads\/2023\/03\/A7400381-200x300.jpg 200w, https:\/\/bv-hohenschaeftlarn.bayern\/wp-content\/uploads\/2023\/03\/A7400381-768x1152.jpg 768w, https:\/\/bv-hohenschaeftlarn.bayern\/wp-content\/uploads\/2023\/03\/A7400381-1024x1536.jpg 1024w, https:\/\/bv-hohenschaeftlarn.bayern\/wp-content\/uploads\/2023\/03\/A7400381-1365x2048.jpg 1365w, https:\/\/bv-hohenschaeftlarn.bayern\/wp-content\/uploads\/2023\/03\/A7400381-scaled.jpg 1707w\" sizes=\"(max-width: 683px) 100vw, 683px\" \/>\t\t\t\t\t\t\t\t\t\t\t<figcaption class=\"widget-image-caption wp-caption-text\">Constantin Schmidt<\/figcaption>\n\t\t\t\t\t\t\t\t\t\t<\/figure>\n\t\t\t\t\t\t\t\t\t<\/div>\n\t\t\t\t<\/div>\n\t\t\t\t<div class=\"elementor-element elementor-element-673991c elementor-widget elementor-widget-text-editor\" data-id=\"673991c\" data-element_type=\"widget\" data-e-type=\"widget\" data-widget_type=\"text-editor.default\">\n\t\t\t\t<div class=\"elementor-widget-container\">\n\t\t\t\t\t\t\t\t\t<h1><strong>Schriftf\u00fchrer<\/strong><\/h1>\t\t\t\t\t\t\t\t<\/div>\n\t\t\t\t<\/div>\n\t\t\t\t<div class=\"elementor-element elementor-element-1aeeb7d elementor-widget elementor-widget-image\" data-id=\"1aeeb7d\" data-element_type=\"widget\" data-e-type=\"widget\" data-widget_type=\"image.default\">\n\t\t\t\t<div class=\"elementor-widget-container\">\n\t\t\t\t\t\t\t\t\t\t\t\t<figure class=\"wp-caption\">\n\t\t\t\t\t\t\t\t\t\t<img decoding=\"async\" width=\"1707\" height=\"2560\" src=\"https:\/\/bv-hohenschaeftlarn.bayern\/wp-content\/uploads\/2023\/03\/A7400330-scaled.jpg\" class=\"attachment-full size-full wp-image-299\" alt=\"\" srcset=\"https:\/\/bv-hohenschaeftlarn.bayern\/wp-content\/uploads\/2023\/03\/A7400330-scaled.jpg 1707w, https:\/\/bv-hohenschaeftlarn.bayern\/wp-content\/uploads\/2023\/03\/A7400330-200x300.jpg 200w, https:\/\/bv-hohenschaeftlarn.bayern\/wp-content\/uploads\/2023\/03\/A7400330-683x1024.jpg 683w, https:\/\/bv-hohenschaeftlarn.bayern\/wp-content\/uploads\/2023\/03\/A7400330-768x1152.jpg 768w, https:\/\/bv-hohenschaeftlarn.bayern\/wp-content\/uploads\/2023\/03\/A7400330-1024x1536.jpg 1024w, https:\/\/bv-hohenschaeftlarn.bayern\/wp-content\/uploads\/2023\/03\/A7400330-1365x2048.jpg 1365w\" sizes=\"(max-width: 1707px) 100vw, 1707px\" \/>\t\t\t\t\t\t\t\t\t\t\t<figcaption class=\"widget-image-caption wp-caption-text\">Quirin Huber<\/figcaption>\n\t\t\t\t\t\t\t\t\t\t<\/figure>\n\t\t\t\t\t\t\t\t\t<\/div>\n\t\t\t\t<\/div>\n\t\t\t\t<div class=\"elementor-element elementor-element-5af4ab2 elementor-widget elementor-widget-text-editor\" data-id=\"5af4ab2\" data-element_type=\"widget\" data-e-type=\"widget\" data-widget_type=\"text-editor.default\">\n\t\t\t\t<div class=\"elementor-widget-container\">\n\t\t\t\t\t\t\t\t\t<h1><strong>F\u00e4hnrich<\/strong><\/h1>\t\t\t\t\t\t\t\t<\/div>\n\t\t\t\t<\/div>\n\t\t\t\t<div class=\"elementor-element elementor-element-5e79bfb elementor-widget elementor-widget-image\" data-id=\"5e79bfb\" data-element_type=\"widget\" data-e-type=\"widget\" data-widget_type=\"image.default\">\n\t\t\t\t<div class=\"elementor-widget-container\">\n\t\t\t\t\t\t\t\t\t\t\t\t<figure class=\"wp-caption\">\n\t\t\t\t\t\t\t\t\t\t<img loading=\"lazy\" decoding=\"async\" width=\"683\" height=\"1024\" src=\"https:\/\/bv-hohenschaeftlarn.bayern\/wp-content\/uploads\/2023\/03\/A7400327-683x1024.jpg\" class=\"attachment-large size-large wp-image-290\" alt=\"\" srcset=\"https:\/\/bv-hohenschaeftlarn.bayern\/wp-content\/uploads\/2023\/03\/A7400327-683x1024.jpg 683w, https:\/\/bv-hohenschaeftlarn.bayern\/wp-content\/uploads\/2023\/03\/A7400327-200x300.jpg 200w, https:\/\/bv-hohenschaeftlarn.bayern\/wp-content\/uploads\/2023\/03\/A7400327-768x1152.jpg 768w, https:\/\/bv-hohenschaeftlarn.bayern\/wp-content\/uploads\/2023\/03\/A7400327-1024x1536.jpg 1024w, https:\/\/bv-hohenschaeftlarn.bayern\/wp-content\/uploads\/2023\/03\/A7400327-1365x2048.jpg 1365w, https:\/\/bv-hohenschaeftlarn.bayern\/wp-content\/uploads\/2023\/03\/A7400327-scaled.jpg 1707w\" sizes=\"(max-width: 683px) 100vw, 683px\" \/>\t\t\t\t\t\t\t\t\t\t\t<figcaption class=\"widget-image-caption wp-caption-text\">Tobias Schr\u00f6ferl<\/figcaption>\n\t\t\t\t\t\t\t\t\t\t<\/figure>\n\t\t\t\t\t\t\t\t\t<\/div>\n\t\t\t\t<\/div>\n\t\t\t\t<div class=\"elementor-element elementor-element-048ad0f elementor-widget elementor-widget-text-editor\" data-id=\"048ad0f\" data-element_type=\"widget\" data-e-type=\"widget\" data-widget_type=\"text-editor.default\">\n\t\t\t\t<div class=\"elementor-widget-container\">\n\t\t\t\t\t\t\t\t\t<h1><strong>Medienwart<\/strong><\/h1>\t\t\t\t\t\t\t\t<\/div>\n\t\t\t\t<\/div>\n\t\t\t\t<div class=\"elementor-element elementor-element-312b56f elementor-widget elementor-widget-image\" data-id=\"312b56f\" data-element_type=\"widget\" data-e-type=\"widget\" data-widget_type=\"image.default\">\n\t\t\t\t<div class=\"elementor-widget-container\">\n\t\t\t\t\t\t\t\t\t\t\t\t<figure class=\"wp-caption\">\n\t\t\t\t\t\t\t\t\t\t<img loading=\"lazy\" decoding=\"async\" width=\"683\" height=\"1024\" src=\"https:\/\/bv-hohenschaeftlarn.bayern\/wp-content\/uploads\/2023\/03\/A7400342-683x1024.jpg\" class=\"attachment-large size-large wp-image-295\" alt=\"\" srcset=\"https:\/\/bv-hohenschaeftlarn.bayern\/wp-content\/uploads\/2023\/03\/A7400342-683x1024.jpg 683w, https:\/\/bv-hohenschaeftlarn.bayern\/wp-content\/uploads\/2023\/03\/A7400342-200x300.jpg 200w, https:\/\/bv-hohenschaeftlarn.bayern\/wp-content\/uploads\/2023\/03\/A7400342-768x1152.jpg 768w, https:\/\/bv-hohenschaeftlarn.bayern\/wp-content\/uploads\/2023\/03\/A7400342-1024x1536.jpg 1024w, https:\/\/bv-hohenschaeftlarn.bayern\/wp-content\/uploads\/2023\/03\/A7400342-1365x2048.jpg 1365w, https:\/\/bv-hohenschaeftlarn.bayern\/wp-content\/uploads\/2023\/03\/A7400342-scaled.jpg 1707w\" sizes=\"(max-width: 683px) 100vw, 683px\" \/>\t\t\t\t\t\t\t\t\t\t\t<figcaption class=\"widget-image-caption wp-caption-text\">Katharina Metz<\/figcaption>\n\t\t\t\t\t\t\t\t\t\t<\/figure>\n\t\t\t\t\t\t\t\t\t<\/div>\n\t\t\t\t<\/div>\n\t\t\t\t<div class=\"elementor-element elementor-element-2a21b7a elementor-widget elementor-widget-text-editor\" data-id=\"2a21b7a\" data-element_type=\"widget\" data-e-type=\"widget\" data-widget_type=\"text-editor.default\">\n\t\t\t\t<div class=\"elementor-widget-container\">\n\t\t\t\t\t\t\t\t\t<h1><strong>Magazienerwart<\/strong><\/h1><p><img loading=\"lazy\" decoding=\"async\" class=\"alignnone wp-image-382 size-large\" src=\"http:\/\/bv-hohenschaeftlarn.bayern\/wp-content\/uploads\/2025\/03\/IMG_6956-768x1024.jpg\" alt=\"\" width=\"768\" height=\"1024\" srcset=\"https:\/\/bv-hohenschaeftlarn.bayern\/wp-content\/uploads\/2025\/03\/IMG_6956-768x1024.jpg 768w, https:\/\/bv-hohenschaeftlarn.bayern\/wp-content\/uploads\/2025\/03\/IMG_6956-225x300.jpg 225w, https:\/\/bv-hohenschaeftlarn.bayern\/wp-content\/uploads\/2025\/03\/IMG_6956-1152x1536.jpg 1152w, https:\/\/bv-hohenschaeftlarn.bayern\/wp-content\/uploads\/2025\/03\/IMG_6956-1536x2048.jpg 1536w, https:\/\/bv-hohenschaeftlarn.bayern\/wp-content\/uploads\/2025\/03\/IMG_6956-scaled.jpg 1920w\" sizes=\"(max-width: 768px) 100vw, 768px\" \/><\/p>\t\t\t\t\t\t\t\t<\/div>\n\t\t\t\t<\/div>\n\t\t\t\t<div class=\"elementor-element elementor-element-4cbc5d6 elementor-widget elementor-widget-text-editor\" data-id=\"4cbc5d6\" data-element_type=\"widget\" data-e-type=\"widget\" data-widget_type=\"text-editor.default\">\n\t\t\t\t<div class=\"elementor-widget-container\">\n\t\t\t\t\t\t\t\t\t<p>Martin Schmied<\/p>\t\t\t\t\t\t\t\t<\/div>\n\t\t\t\t<\/div>\n\t\t\t\t<div class=\"elementor-element elementor-element-f876f85 elementor-widget elementor-widget-text-editor\" data-id=\"f876f85\" data-element_type=\"widget\" data-e-type=\"widget\" data-widget_type=\"text-editor.default\">\n\t\t\t\t<div class=\"elementor-widget-container\">\n\t\t\t\t\t\t\t\t\t<h1><strong>Obermadln\u00a0<\/strong><\/h1>\t\t\t\t\t\t\t\t<\/div>\n\t\t\t\t<\/div>\n\t\t\t\t<div class=\"elementor-element elementor-element-305296a elementor-widget elementor-widget-image\" data-id=\"305296a\" data-element_type=\"widget\" data-e-type=\"widget\" data-widget_type=\"image.default\">\n\t\t\t\t<div class=\"elementor-widget-container\">\n\t\t\t\t\t\t\t\t\t\t\t\t<figure class=\"wp-caption\">\n\t\t\t\t\t\t\t\t\t\t<img loading=\"lazy\" decoding=\"async\" width=\"683\" height=\"1024\" src=\"https:\/\/bv-hohenschaeftlarn.bayern\/wp-content\/uploads\/2023\/03\/A7400486-683x1024.jpg\" class=\"attachment-large size-large wp-image-298\" alt=\"\" srcset=\"https:\/\/bv-hohenschaeftlarn.bayern\/wp-content\/uploads\/2023\/03\/A7400486-683x1024.jpg 683w, https:\/\/bv-hohenschaeftlarn.bayern\/wp-content\/uploads\/2023\/03\/A7400486-200x300.jpg 200w, https:\/\/bv-hohenschaeftlarn.bayern\/wp-content\/uploads\/2023\/03\/A7400486-768x1152.jpg 768w, https:\/\/bv-hohenschaeftlarn.bayern\/wp-content\/uploads\/2023\/03\/A7400486-1024x1536.jpg 1024w, https:\/\/bv-hohenschaeftlarn.bayern\/wp-content\/uploads\/2023\/03\/A7400486-1365x2048.jpg 1365w, https:\/\/bv-hohenschaeftlarn.bayern\/wp-content\/uploads\/2023\/03\/A7400486-scaled.jpg 1707w\" sizes=\"(max-width: 683px) 100vw, 683px\" \/>\t\t\t\t\t\t\t\t\t\t\t<figcaption class=\"widget-image-caption wp-caption-text\">2. Obermadl Regina Metz        &amp;      1. Obermadl Regina Graf<\/figcaption>\n\t\t\t\t\t\t\t\t\t\t<\/figure>\n\t\t\t\t\t\t\t\t\t<\/div>\n\t\t\t\t<\/div>\n\t\t\t\t\t<\/div>\n\t\t<\/div>\n\t\t\t\t\t<\/div>\n\t\t<\/section>\n\t\t\t\t<\/div>\n\t\t","protected":false},"excerpt":{"rendered":"<p>1. Vorstand Jakob Metz 2. Vorstand Andreas Reifenberger Kassier Constantin Schmidt Schriftf\u00fchrer Quirin Huber F\u00e4hnrich Tobias Schr\u00f6ferl Medienwart Katharina Metz Magazienerwart Martin Schmied Obermadln\u00a0 2. Obermadl Regina Metz &amp; 1. Obermadl Regina Graf<\/p>\n","protected":false},"author":1,"featured_media":0,"parent":0,"menu_order":0,"comment_status":"closed","ping_status":"closed","template":"","meta":{"footnotes":""},"class_list":["post-20","page","type-page","status-publish","hentry"],"jetpack_sharing_enabled":true,"_links":{"self":[{"href":"https:\/\/bv-hohenschaeftlarn.bayern\/index.php?rest_route=\/wp\/v2\/pages\/20","targetHints":{"allow":["GET"]}}],"collection":[{"href":"https:\/\/bv-hohenschaeftlarn.bayern\/index.php?rest_route=\/wp\/v2\/pages"}],"about":[{"href":"https:\/\/bv-hohenschaeftlarn.bayern\/index.php?rest_route=\/wp\/v2\/types\/page"}],"author":[{"embeddable":true,"href":"https:\/\/bv-hohenschaeftlarn.bayern\/index.php?rest_route=\/wp\/v2\/users\/1"}],"replies":[{"embeddable":true,"href":"https:\/\/bv-hohenschaeftlarn.bayern\/index.php?rest_route=%2Fwp%2Fv2%2Fcomments&post=20"}],"version-history":[{"count":30,"href":"https:\/\/bv-hohenschaeftlarn.bayern\/index.php?rest_route=\/wp\/v2\/pages\/20\/revisions"}],"predecessor-version":[{"id":390,"href":"https:\/\/bv-hohenschaeftlarn.bayern\/index.php?rest_route=\/wp\/v2\/pages\/20\/revisions\/390"}],"wp:attachment":[{"href":"https:\/\/bv-hohenschaeftlarn.bayern\/index.php?rest_route=%2Fwp%2Fv2%2Fmedia&parent=20"}],"curies":[{"name":"wp","href":"https:\/\/api.w.org\/{rel}","templated":true}]}}